{"id":37,"date":"2016-05-24T10:32:06","date_gmt":"2016-05-24T08:32:06","guid":{"rendered":"http:\/\/bauchl.v22015032739124120.yourvserver.net\/wordpress\/?page_id=37"},"modified":"2025-06-19T15:32:22","modified_gmt":"2025-06-19T13:32:22","slug":"leistungen","status":"publish","type":"page","link":"https:\/\/deine-hebamme-kerpen.de\/?page_id=37","title":{"rendered":"Leistungen"},"content":{"rendered":"<p>Ich biete Ihnen Leistungen vor und nach der Geburt an.<br \/>\nIm Detail sind dies:<\/p>\n<p><strong>Vor der Geburt<\/strong> <strong>&#8211;<br \/>\n<\/strong><\/p>\n<div class=\"item-page\">\n<article class=\"temp-post\">\n<div class=\"temp-postcontent clearfix\">\n<div class=\"temp-article\">\n<p><em>In der Zeit der Schwangerschaft stehe ich Ihnen gerne mit Rat und Tat zur Seite.<br \/>\nSchwangerenvorsorge und &nbsp;Hilfe bei Schwangerschaftsbeschwerden wird von den gesetzlichen Krankenkassen, auch im Wechsel zu den Terminen beim Gyn\u00e4kologen,&nbsp;\u00fcbernommen.<\/em><\/p>\n<\/div>\n<\/div>\n<\/article>\n<\/div>\n<ul style=\"list-style-type: circle;\">\n<li>Schwangerschaftsvorsorge<\/li>\n<li>Hilfe bei Schwangerschaftsbeschwerden<\/li>\n<li>Wassergymnastik<\/li>\n<\/ul>\n<p><strong>Nach der Geburt &#8211;<\/strong><\/p>\n<p><em>In der ersten Zeit mit dem neuen Erdenb\u00fcrger zuhause besuche ich Sie und unterst\u00fctzen Sie. Ich beobachte und kontrolliere&nbsp;die R\u00fcckbildungsprozesse bei der Mutter. Au\u00dferdem kontrolliere ich die Nabelheilung, die Neugeborenengelbsucht und den Beginn der Nahrungsaufnahme beim Kind.<\/em><br \/>\n<em>Die gesetzliche Krankenkasse und auch die meisten Privaten \u00fcbernehmen die Wochenbettbesuche in den ersten 10 Lebenstagen und ab dem 11. Lebenstag bis zu 16 Besuche bis zur 8. Lebenswoche.<\/em><\/p>\n<p><span style=\"color: initial;\">\u00b0Wochenbettbetreuung<\/span><\/p>\n<ul style=\"list-style-type: circle;\">\n<li>R\u00fcckbildungsgymnastik<\/li>\n<li>Babymassage<\/li>\n<li>Ern\u00e4hrungsberatung Stillen und Flasche<\/li>\n<\/ul>\n","protected":false},"excerpt":{"rendered":"<p>Ich biete Ihnen Leistungen vor und nach der Geburt an. Im Detail sind dies: Vor der Geburt &#8211; In der Zeit der Schwangerschaft stehe ich Ihnen gerne mit Rat und Tat zur Seite. Schwangerenvorsorge und &nbsp;Hilfe bei Schwangerschaftsbeschwerden wird von den gesetzlichen Krankenkassen, auch im Wechsel zu den Terminen beim Gyn\u00e4kologen,&nbsp;\u00fcbernommen. Schwangerschaftsvorsorge Hilfe bei Schwangerschaftsbeschwerden [&hellip;]<\/p>\n","protected":false},"author":1,"featured_media":0,"parent":0,"menu_order":0,"comment_status":"closed","ping_status":"closed","template":"","meta":{"ngg_post_thumbnail":0,"footnotes":""},"class_list":["post-37","page","type-page","status-publish","hentry"],"_links":{"self":[{"href":"https:\/\/deine-hebamme-kerpen.de\/index.php?rest_route=\/wp\/v2\/pages\/37","targetHints":{"allow":["GET"]}}],"collection":[{"href":"https:\/\/deine-hebamme-kerpen.de\/index.php?rest_route=\/wp\/v2\/pages"}],"about":[{"href":"https:\/\/deine-hebamme-kerpen.de\/index.php?rest_route=\/wp\/v2\/types\/page"}],"author":[{"embeddable":true,"href":"https:\/\/deine-hebamme-kerpen.de\/index.php?rest_route=\/wp\/v2\/users\/1"}],"replies":[{"embeddable":true,"href":"https:\/\/deine-hebamme-kerpen.de\/index.php?rest_route=%2Fwp%2Fv2%2Fcomments&post=37"}],"version-history":[{"count":10,"href":"https:\/\/deine-hebamme-kerpen.de\/index.php?rest_route=\/wp\/v2\/pages\/37\/revisions"}],"predecessor-version":[{"id":1897,"href":"https:\/\/deine-hebamme-kerpen.de\/index.php?rest_route=\/wp\/v2\/pages\/37\/revisions\/1897"}],"wp:attachment":[{"href":"https:\/\/deine-hebamme-kerpen.de\/index.php?rest_route=%2Fwp%2Fv2%2Fmedia&parent=37"}],"curies":[{"name":"wp","href":"https:\/\/api.w.org\/{rel}","templated":true}]}}